 4) to base 3
112021120000
Convert -110000111101001110 (base 2) to base 7.
-1463424
What is -ac87 (base 16) in base 2?
-1010110010000111
-78058b (base 15) to base 9
-11680845
Convert -11213221 (base 6) to base 16.
-5406d
What is 231b9 (base 15) in base 5?
12034044
What is 1100101111100100001 (base 2) in base 14?
ac265
Convert 4144014130 (base 5) to base 4.
200232203122
Convert 4011550 (base 6) to base 16.
2dfba
What is 650588 (base 9) in base 12?
168368
Convert -9238a (base 13) to base 4.
-333332300
217564 (base 8) to base 6
1324404
Convert 10020201022212 (base 3) to base 4.
12211200233
-1304536 (base 9) to base 13
-1bc08a
What is 111010011010100011111 (base 2) in base 4?
13103110133
-6d505a (base 16) to base 8
-33250132
3704064 (base 8) to base 5
230033113
30630 (base 9) to base 15
5eb6
Convert 344595 (base 13) to base 8.
4561566
Convert -62c72 (base 16) to base 9.
-675888
Convert -232022101220 (base 4) to base 14.
-186dc48
Convert -4c852 (base 15) to base 3.
-110102220112
What is 13020223 (base 4) in base 14?
a919
-851071 (base 9) to base 8
-1734206
What is 645a2a (base 14) in base 7?
40603553
What is 203162a (base 11) in base 10?
3589134
-1413324 (base 8) to base 10
-399060
Convert 881aa (base 12) to base 15.
384e1
485800 (base 10) to base 12
1b5174
1016d7 (base 15) to base 16
ba98e
1112110012010 (base 3) to base 10
815889
Convert 13113102 (base 4) to base 6.
351350
What is 17a745 (base 12) in base 3?
202221121022
Convert -6612 (base 7) to base 11.
-1857
Convert 513355 (base 9) to base 14.
7cc6a
What is -1000100010001110110111 (base 2) in base 9?
-4180073
What is 105156 (base 15) in base 5?
144322211
Convert -110110321 (base 4) to base 16.
-14539
-141365 (base 7) to base 6
-324432
What is -53910c (base 16) in base 2?
-10100111001000100001100
Convert -29bd13 (base 15) to base 12.
-811923
Convert 1896705 (base 10) to base 15.
276ec0
What is 142251 (base 8) in base 13?
19bb9
What is 101121212012 (base 3) in base 13?
74252
Convert -6713483 (base 10) to base 9.
-13562145
Convert 1010111110010000111 (base 2) to base 9.
607200
2121021 (base 4) to base 8
23111
Convert 393992 (base 15) to base 11.
1606158
What is 3371456 (base 8) in base 12?
381092
What is -13350536 (base 7) in base 2?
-100101110100010010100
-611271 (base 10) to base 5
-124030041
41131021 (base 5) to base 4
1101113031
What is 1357730 (base 9) in base 15?
eb560
What is 6253674 (base 8) in base 9?
3111240
-a215 (base 16) to base 11
-291a1
-4602598 (base 11) to base 3
-120011021122120
What is -352365 (base 7) in base 14?
-190dc
Convert 382ae (base 16) to base 4.
320022232
10100110010000011100 (base 2) to base 12
28a110
21123332221 (base 4) to base 6
125005121
Convert 5a729 (base 12) to base 13.
436b9
Convert 15a74 (base 14) to base 2.
1101001110110110
What is -200201020000222 (base 3) in base 10?
-9944315
3100121 (base 4) to base 14
4c09
Convert 14b6126 (base 12) to base 7.
50604030
What is -1510235315 (base 6) in base 7?
-315411356
1020121112222 (base 3) to base 13
1a21ab
What is -2155455 (base 8) in base 12?
-23ba65
Convert 12101022122100 (base 3) to base 14.
546579
Convert 3022550 (base 6) to base 10.
143202
-103341020 (base 5) to base 14
-b9b5c
What is -232608 (base 9) in base 6?
-2554525
Convert 241b11 (base 14) to base 8.
4552463
What is -41c685 (base 14) in base 6?
-115355553
Convert 2422413202 (base 5) to base 13.
1236918
What is 7ba527 (base 12) in base 14?
39a687
-28b21 (base 12) to base 7
-324622
What is -2a2618 (base 13) in base 10?
-1033625
124212002 (base 5) to base 14
12095c
What is 203533351 (base 6) in base 3?
20122222202011
What is 6ba8b (base 13) in base 16?
302da
Convert 1025145121 (base 6) to base 14.
1634b57
What is 5776541 (base 10) in base 15?
79187b
What is -10303120300 (base 4) in base 9?
-2328081
-14d938c (base 14) to base 15
-d68d68
What is -3022141401 (base 5) in base 11?
-3464559
-3919737 (base 11) to base 2
-11001111010000111100001
-47095 (base 13) to base 16
-1fad1
Convert 111101101011101100101 (base 2) to base 7.
23115526
What is -33203111 (base 4) in base 14?
-19301
What is -58a81a (base 13) in base 4?
-20002232022
Convert 2735471 (base 8) to base 2.
10111011101100111001
What is -48956 (base 15) in base 6?
-4544130
Convert 100002013 (base 5) to base 12.
16a257
-1110110010000010 (base 2) to base 12
-2b056
What is -486860 (base 11) in base 10?
-770352
101575 (base 8) to base 15
9e91
-10b7534 (base 12) to base 9
-6057464
Convert -8184444 (base 10) to base 5.
-4043400234
Convert 5333124 (base 6) to base 7.
2135335
Convert 10200101001 (base 3) to base 14.
1c586
21120111231 (base 4) to base 3
11121221002200
10101001011111010 (base 2) to base 10
86778
Convert -1088727 (base 10) to base 13.
-2c1723
Convert 5a6a0 (base 12) to base 16.
1dc58
Convert 286528 (base 12) to base 2.
10100100101101110000
Convert 13113 (base 13) to base 10.
35337
Convert -200221002100 (base 3) to base 14.
-99ad0
What is -4b617 (base 13) in base 3?
-21002021122
What is 113122010101 (base 4) in base 8?
27320421
What is -112022000021 (base 3) in base 9?
-468007
What is -61744 (base 10) in base 14?
-18704
3475738 (base 10) to base 11
1a64412
-617573 (base 8) to base 10
-204667
-114023440 (base 7) to base 12
-2448657
What is 10ba09 (base 13) in base 7?
3242620
What is 71302 (base 14) in base 4?
1002131312
What is 34272 (base 8) in base 13?
67c1
Convert 728664 (base 10) to base 12.
2b1820
1222210221021 (base 3) to base 10
1059190
What is 4478d6 (base 15) in base 12?
11159b6
Convert -58311b (base 14) to base 2.
-1011011101100111100101
What is 14a303 (base 12) in base 14?
91519
What is -4077493 (base 11) in base 9?
-14481602
Convert 652111 (base 7) to base 5.
12113330
Convert 127838 (base 9) to base 16.
13085
Convert 77a48 (base 11) to base 16.
1b9aa
Convert -79cc42 (base 15) to base 3.
-101221102000022
Convert 223615 (base 8) to base 4.
102132031
Convert -99a265 (base 11) to base 15.
-217836
-1244567 (base 9) to base 13
-1aa196
2310332002 (base 4) to base 9
1348721
Convert 3590980 (base 11) to base 16.
5f6954
-33421063 (base 7) to base 8
-13030172
-7718342 (base 9) to base 12
-147b448
Convert 7353741 (base 9) to base 12.
1397b3a
Convert -60455042 (base 7) to base 2.
-10011001010001000011100
330b81 (base 13) to base 2
100100101010101110110
Convert 11011000001001010111 (base 2) to base 14.
190903
-1766b78 (base 12) to base 9
-10133462
Convert -1a806 (base 11) to base 4.
-13003331
Convert 10122300 (base 7) to base 12.
3496a9
What is -131112132 (base 4) in base 2?
-11101010110011110
3828d (base 14) to base 8
414765
Convert -241224033 (base 5) to base 12.
-45a781
What is 2333041 (base 5) in base 8?
123620
Convert -40441 (base 7) to base 4.
-2121211
Convert 11111011111010000100100 (base 2) to base 8.
37372044
Convert 2024023034 (base 5) to base 15.
567a99
Convert -17b30 (base 14) to base 8.
-164656
Convert -5128b (base 13) to base 4.
-203200233
-112212222210 (base 3) to base 14
-78b24
Convert 2121002212 (base 3) to base 10.
51107
What is -4214231 (base 11) in base 13?
-170131a
Convert -298cda (base 14) to base 15.
-1d8628
-220211012231 (base 4) to base 5
-10210401431
74184 (base 11) to base 4
122113320
Convert 565487 (base 11) to base 13.
256a57
10a77 (base 11) to base 12
927b
What is 6e2da (base 16) in base 4?
1232023122
Convert -217555 (base 9) to base 5.
-13131332
What is 410034 (base 15) in base 9?
5726154
12855328 (base 9) to base 8
30174022
-118ab (base 12) to base 14
-8923
Convert -4b45 (base 16) to base 10.
-19269
Convert 43263 (base 7) to base 6.
121520
Convert -241555504 (base 6) to base 12.
-1645b94
-511806 (base 12) to base 13
-355089
Convert 20222001 (base 4) to base 14.
ccc9
-210286 (base 13) to base 11
-487790
What is -113313151 (base 6) in base 7?
-24026632
12000222202 (base 3) to base 5
11133022
Convert -83c99 (base 13) to base 14.
-62653
231231430 (base 5) to base 14
1d0c23
What is -1001011111000111100101 (base 2) in base 14?
-48a377
Convert 21200012 (base 5) to base 3.
100001100111
1267375 (base 12) to base 14
6a36c1
What is 101322242 (base 5) in base 2?
1100101110110101101
Convert -30111113 (base 4) to base 15.
-ee7e
1000101110111110001 (base 2) to base 14
76425
5344205 (base 7) to base 13
199985
110222 (base 5) to base 8
7344
What is -1d1875 (base 16) in base 5?
-442004210
